 -5*s + 12840 = 5*p. Is p prime?
False
Let j(h) = 11*h**3 - 3*h**2 + 16*h + 14. Let v be j(13). Let d = v + -16837. Is d a composite number?
True
Let z(y) = -y**3 - 3*y**2 - 14*y - 42. Let u be z(-3). Suppose h = -2*l - 178 + 2715, h - 3*l - 2537 = u. Is h prime?
False
Let p(m) = -99*m + 11. Suppose 0 = -v - 3 + 3. Suppose v*c - 2*x = -3*c - 6, -4 = -2*c + 4*x. Is p(c) composite?
True
Is ((-3714624)/60)/(-24)*395/2 composite?
True
Let f be (-76)/(-8) + 6/4. Is 8/44 - (60421/f)/(-1) a prime number?
False
Suppose 2*s - 3*s = -4*c + 13, -3*s - 5 = 5*c. Suppose -2158 = -r + 5*y, 3*y - 4302 = -c*r - y. Is r composite?
False
Suppose 38*o = 35*o + 3*t + 6608643, -t = -21*o + 46260421. Is o a prime number?
False
Suppose 5*g + 2*p = -3*p, -g = 5*p. Suppose g = 36*a - 1159 - 5573. Is a prime?
False
Suppose -8*k + 436 = -6*k. Let v = k + -121. Is v a composite number?
False
Let a(c) = 19 + 0*c + 15 + c + 0*c. Let v be a(-20). Is 4/v - (-3 - 9370/35) prime?
True
Let g = -10 + 10. Suppose g = -4*s + 2*s + 8. Is ((-20)/6)/(-1*s/246) prime?
False
Suppose 652365 = 3*z - 607170. Is z a composite number?
True
Suppose -5*r - 12 = -8*r. Suppose -5*f - 21 = r*m, -f - 4 = 3*m - 2. Is -2 + f/(-2) - 469/(-14) a composite number?
True
Let m(f) = 2*f**2 + 48*f - 60. Let j be m(-26). Let y(a) = -a**3 + 45*a**2 - 40*a + 75. Is y(j) composite?
False
Is 2*(-9)/(-36) + (-961508)/(-8) prime?
False
Suppose 4*f + 20 = 0, -5*c - 87*f + 82*f = -67480. Is c prime?
False
Let i(p) = -2*p + 41. Let y be i(21). Is (-40)/(-20)*-3793*y/2 prime?
True
Let v(n) = n + 23. Let q be v(-13). Suppose -4*b + a = -73957, 12*a = -3*b + q*a + 55465. Is b a prime number?
False
Let h be (6 + -1)*1 - (1 - 0). Suppose 0 = h*f - 13*f + 8766. Let b = f + -37. Is b a prime number?
True
Suppose -4*y = -2*u - 62, 4*u + 57 - 1 = 4*y. Suppose 10775 + 219932 = y*p. Is p a prime number?
False
Suppose -5*n + 906 + 1384 = 0. Let g be (-3)/(-6)*n + 0. Suppose -y = -4*v + 3*y + 200, 2*y = -5*v + g. Is v a prime number?
True
Suppose 4*m = -2*q + 6632, -4*q - 1432 = -2*m + 1874. Is m composite?
False
Suppose 5*n + 3*q - 8*q - 657180 = 0, -2*q + 525714 = 4*n. Is n composite?
False
Let o(s) = 19*s + 4 + 11 - 2 - 13*s. Is o(22) a prime number?
False
Suppose 3*p = -4*c + 224429 + 246980, 0 = -2*p - 3*c + 314275. Is p prime?
True
Let c(h) = 86*h**3 - 31*h**2 + 9*h - 5. Is c(8) composite?
True
Let o = 18 + 11. Suppose 1 = -3*c - o. Let q(w) = 6*w**2 + 14*w + 25. Is q(c) prime?
False
Suppose 7*y = 45 - 465. Is (-20)/y + (-8619)/(-9) a composite number?
True
Suppose 12*w + 12*w + 67*w - 147234997 = 0. Is w composite?
True
Let k(w) = -24*w**3 - w**2 - 2*w + 907. Is k(0) prime?
True
Let k(z) = 499*z - 114. Let a be k(-7). Let h = a - -7854. Is h a prime number?
False
Is 9069*((10 - 23) + 14) composite?
True
Suppose -4*u = 2*u - 0*u. Suppose a + 2*t + 736 = -1959, 2*t - 6 = u. Let o = a + 6600. Is o prime?
False
Suppose -4*x - 47 = -11. Let h be 1663*1 - (12 + x). Let i = -1151 + h. Is i a composite number?
False
Suppose -126*f - 2104701 = -136*f + 387449. Is f a prime number?
False
Suppose -p = 5, 2*p - 1 = -j - 6. Suppose 0 = -h - 5*g + 3516, j*g = 5*h - h - 14039. Is h composite?
False
Suppose 22 = s + 13. Suppose 0 = -5*n - 3*a + s, 5*n + a - 5 = -2. Suppose n = 8*m - 28 - 4476. Is m prime?
True
Let i = -3259 - 162. Let o = i + 4890. Is o composite?
True
Let x = -54577 + 93936. Is x prime?
True
Suppose -3*k - v = -371, -5*k - 302 = v - 921. Suppose 4*a + 132769 = 5*z, -129*z - 3*a + 132797 = -k*z. Is z a prime number?
True
Let w = -55 - -61. Suppose 2*f - 296 = 3*n + w*f, 2*n + 194 = -f. Is 7086/8*n/(-36) prime?
False
Let n be ((-1)/((-6)/(-10)))/((-25)/90). Is n + 7999 + (-3 - -7) a prime number?
True
Let o(j) = 676*j**2 + 100*j + 1477. Is o(-16) a prime number?
True
Suppose 42653571 = 15*y + 4*d + 10366388, 8609922 = 4*y + 2*d. Is y composite?
False
Suppose 0 = 78*i - 70*i - 57448. Is i a composite number?
True
Let o = -582 + 539. Let s = o + 608. Is s composite?
True
Suppose 2*k - 88 = -2*c, 35*k - 34*k + 5*c - 60 = 0. Suppose 6385 = k*i - 35*i. Is i composite?
False
Let k(l) = l**3 + 93*l**2 + 56*l + 385. Is k(-87) prime?
True
Suppose -57*o = -42*o - 153165. Suppose 8 + 17 = 4*a + 3*n, 3*a - 6 = 2*n. Suppose 4*w - a*v = 6688, v = 5*w - o + 1847. Is w composite?
True
Let b(c) = -2*c + 46. Let y be b(-13). Let o = 74 - y. Suppose -4*u + h + 10633 = 0, -2*u + o*h + 5319 = h. Is u a composite number?
False
Let a(k) = 3*k**2 - 12*k + 1. Let g be a(5). Suppose g = -5*f + 13*f. Is ((-7)/14)/((-509)/254 + f) a prime number?
True
Suppose 3 = l, 10*t = 5*t + l + 2. Is t/(4 - (5 + (-78420)/78415)) a prime number?
True
Suppose -6*w + 4*w = 4*g + 3064, 4*w = -4*g - 6116. Let n = w - -3705. Is n a prime number?
True
Let f(c) = 2*c**3 - 3*c**2 - 4*c. Let m = 33 + -38. Let s = m - -8. Is f(s) prime?
False
Is -5882*(55/(-20) + (-18)/24) + 2 prime?
False
Suppose -4*v - 24322 = 5*f - 92337, 68045 = 5*f - 2*v. Suppose -8*b + f + 24161 = 0. Is b composite?
False
Suppose -72 = -w + 3*b - 1, 3*b = 4*w - 302. Suppose -4*r = i - 165, 3*i + w = 3*r - 28. Let x = r - -118. Is x composite?
True
Is (-14*(-20)/1120)/(1/2252860) prime?
False
Let i(y) = -3835*y - 1151. Is i(-20) composite?
True
Let y = -98 - -188. Suppose -h + 79 = -y. Suppose 2*i = 2*b - 161 - h, -503 = -3*b + 5*i. Is b a prime number?
False
Is 20 + (-20 - (-10 - 1719349)) prime?
True
Is 56167/((-2)/((-24)/18) - 1) prime?
False
Suppose 2 = 97*f - 96*f, -h + 5*f + 335671 = 0. Is h a composite number?
False
Suppose c = 5*w - 593468, 2*w = 7*c + 385679 - 148272. Is w a composite number?
True
Let k(c) = 3390*c - 2041. Is k(57) a prime number?
True
Is 4/62 + (-6172160)/(-31) composite?
True
Suppose 82*y = 9187284 + 5112614. Is y a prime number?
True
Suppose -3*r = -8 + 23, 5*n + 3*r - 1055 = 0. Let f = -57 + n. Is f prime?
True
Let x(c) = -146*c + 13. Let h(g) = 17*g + 77. Let l be h(-5). Is x(l) composite?
False
Let o = 12251 - 3738. Is o prime?
True
Let l = -290 - -207. Let c = l - -88. Suppose c = 3*a - 2*a, 0 = -4*v - 2*a + 854. Is v a prime number?
True
Let u(s) = 3*s**3 - 13*s**2 - 17*s + 17. Let p be u(12). Suppose 3*j - 4168 = p. Suppose j = 13*r - 5824. Is r prime?
False
Let m(a) = 77*a**3 + 10*a**2 - 23*a + 137. Is m(10) composite?
True
Let f(c) be the second derivative of -323*c**3/6 + 251*c**2/2 + 4*c + 7. Is f(-4) composite?
False
Let u = -120635 - -192552. Is u a prime number?
True
Let f(w) = 3*w**2 + 7*w - 7. Suppose 2*u = -0*u + 12. Suppose 0 = u*s + 123 + 3. Is f(s) prime?
False
Suppose -6*x + 12 = -0*x. Let w be (50/(-30))/(x/(-24))*61. Suppose 3*k - 919 = w. Is k a composite number?
True
Let q(h) be the first derivative of -9*h**4 - h**2/2 - 5. Let y be q(1). Let l = y + 88. Is l composite?
True
Suppose -2*v = 2*a - 5*a + 34787, 0 = -7*a - 4*v + 81187. Is a a composite number?
False
Let z = -95 - -98. Suppose 0*o = -k + 3*o + 518, 1560 = z*k - 3*o. Is k composite?
False
Let i(j) = -6936*j - 1069. Is i(-6) a composite number?
True
Suppose 103*d = 5*c + 105*d - 282593, -c + 3*d + 56505 = 0. Is c prime?
False
Let v(u) = 95*u**3 + 6*u**2 - 9*u + 6. Let p be v(5). Suppose q + 5*n - p = 6*n, 2*q = -n + 23957. Is q composite?
False
Let r be (-1277632)/84 + 16/(-168). Is r/(-24) + (-3)/4 a prime number?
False
Suppose 37208 = -9*p + 188093. Is (16 - 14)/(10/p) prime?
False
Let o(j) = -10 + j**2 - 5*j + 2*j**3 + 3 + 4. Let d be o(-2). Let m = d - -196. Is m composite?
False
Let c(j) = 14*j**2 - 22*j + 63. Let b be c(-32). Let t = b - 8972. Is t a prime number?
True
Suppose 57854154 = 267*y - 206386401. Is y a composite number?
True
Let w = 446201 + -56844. Is w a composite number?
False
Suppose -3*k = 2*z + 3*z, 2*z - 4*k = 26. Suppose n = 2*n + 2*j - 953, -3*n = z*j - 2868. Is n a composite number?
True
Suppose -2*m = -19523 - 19131. Suppose -18*g - m = -29*g. Is g prime?
False
Let n(z) = 56*z**2 + 32*z - 753. Is n(25) a composite number?
True
Let h = 55931 + -38554. Is h a prime number?
True
Let c = 289948 - 194571. Is c prime?
False
Let x(i) = -8068*i + 10613. Is x(-50) a prime number?
True
Suppose -c + 16431 = 16428. Let x(z) = z**2 + 3*z - 1. Let g be x(-4). Suppose c*p = -2*n + 7*p + 2150, -4*n + g*p = -4285. Is n composite?
False
Suppose -h + 13 - 39 = 0. Is h/13 + 1